et q = f + x. What is the units digit of q?
3
Suppose -4*m + 2979 = 5*b - 606, b - 5*m = 688. What is the tens digit of b?
1
Let n(t) = t**3 - 7*t**2 + 12*t - 11. Let u be n(11). Let r = u + -405. What is the tens digit of r?
0
Let w = 3 + -8. Let o(l) = -l**2 + 8. Let x be o(w). Let b = 36 + x. What is the units digit of b?
9
Let f(i) be the third derivative of -i**6/30 - i**5/60 - i**4/12 + i**3/6 - i**2. What is the units digit of f(-2)?
3
Suppose 5*p - 39 = 191. Let i = p + -17. What is the units digit of i?
9
Let z(y) = y**3 + 5*y**2 - 5*y. Suppose -2*u - 8 = -4*u. Suppose 5*d + 28 = -u*v + 8, 2*v + 3*d = -10. What is the units digit of z(v)?
5
Let q(w) = -5*w - 2. Let l be q(-5). Suppose l = 2*o - o. Let b = o - 15. What is the units digit of b?
8
Let j = -3232 - -7013. What is the hundreds digit of j?
7
Let j be (-7168)/(-35) + (-3)/(-15). Suppose -j = -2*i + 3*r, -699 = -4*i + 5*r - 284. What is the tens digit of i?
1
Suppose 250488 - 64452 = 37*f. What is the units digit of f?
8
Let w(i) = -2*i**2 + 3. Let l be w(3). Suppose -5*r - 9 = -2*b + 30, 36 = b + 3*r. Let a = l + b. What is the units digit of a?
2
Let y be 12/2 + -4 + -22. Let z = y - -28. Suppose -4*k - 52 = -2*g - z, 0 = 3*g + 5*k - 77. What is the tens digit of g?
2
Let n(m) = m**2 - 19*m - 15. Let s be n(20). Suppose -s = -d - 3. What is the units digit of d?
2
Let u be 1/7 + 27/7. Suppose 0 = -2*g + g - u. What is the tens digit of (424/(-12))/(g/6)?
5
Let w(h) = -h**3 + 19*h - 30. Let g be w(-11). Suppose 1238 + g = 10*z. What is the hundreds digit of z?
2
Let f(a) = a**2 + 9*a. Let x(q) = -q**2. Let m be x(3). Let y be f(m). What is the tens digit of (y - 3) + (-2 - -31)?
2
Let l(f) be the third derivative of 0*f + 0*f**3 + 1/10*f**5 - 1/8*f**4 + 0 - 1/120*f**6 - 5*f**2. What is the units digit of l(2)?
0
Let g = -11 + 14. Suppose 4*k - g*k = -9. Let q = 17 + k. What is the units digit of q?
8
Suppose -2*c - 128 - 10 = -4*h, -c = -h + 70. Let u = c + 142. What is the tens digit of u?
7
Suppose 876 = 2*n - 668. What is the tens digit of n?
7
Suppose -2*v - 5*o + 3693 = 257, 0 = 4*o - 16. What is the tens digit of v?
0
Suppose 6*i = i + 10. Let b = 4 - i. What is the units digit of (-340)/(-13) + b/(-13)?
6
Let k = -197 - -530. What is the units digit of k?
3
Let t(c) = c**3 + 4*c**2 - 8*c - 10. Let x be t(-5). Suppose -65 = -x*k - w + 245, -k - 2*w = -53. What is the units digit of k?
3
Suppose 5*o - o = -2*z + 24, -12 = -z - 3*o. Suppose -3*r + 3 = -2*r - j, 2*r - 9 = -j. Suppose -r*f - 192 = -z*f. What is the units digit of f?
4
Suppose 20*k = 2*k + 6372. What is the units digit of k?
4
Suppose -2*z = 3*b - 0*b - 1538, -z = 5. What is the hundreds digit of b?
5
Let h = -38 - -18. What is the tens digit of (-260)/(-12) + (h/12 - -1)?
2
Let j(u) = 2*u**2 - 2*u - 5. Suppose 2 = p - 2. Let x be -2 - (4 + (-8)/p). What is the tens digit of j(x)?
3
Suppose -y = 20*y - 5208. What is the units digit of y?
8
Let o = -1181 - -1782. What is the units digit of o?
1
Suppose 0 = -2*h + 2*l + 40, -l - 36 = -3*h + h. Suppose -h = -3*w + 227. What is the tens digit of w?
8
Suppose 6*h - 664 - 764 = 0. Let g = h - 17. What is the units digit of g?
1
Let v be (-530)/(-4)*16/20. Suppose -4*l + 0 = 3*m - v, 0 = 3*m + 3*l - 102. Suppose -3*o + m = 2*o. What is the units digit of o?
6
Let m(n) = -n**3 + 5*n**2 - n - 1. Let b be m(7). Let s be (-4)/(-2)*(-785)/(-10). Let d = b + s. What is the tens digit of d?
5
Let i = 6170 + -3848. What is the tens digit of i?
2
What is the units digit of -4 - (-6 - 41 - -3)?
0
Suppose -11334 = -19*t + 9433. What is the thousands digit of t?
1
Suppose 2*o - 6 + 2 = 0. Suppose -k = o*k. Let t = 8 - k. What is the units digit of t?
8
Let i(z) be the second derivative of z**4/3 + 10*z**2 - 20*z. What is the tens digit of i(6)?
6
What is the tens digit of 6*(-11 - (-2541)/6)?
7
Let r(v) = v**3 + 14*v**2 - 3*v - 14. Let o be r(-8). Suppose 0 = 6*s - o - 680. What is the tens digit of s?
7
Let m(i) = i**3 + i**2 + 15*i - 13. Let a be m(6). Let f = 560 - a. What is the hundreds digit of f?
2
Let n = 2 + 5. Suppose -2*g + n*g = 10. Suppose -2*t - g*t = -96. What is the tens digit of t?
2
Suppose 11*u - 1560 = 3742. What is the hundreds digit of u?
4
Let q = -1539 - -2604. What is the units digit of q?
5
Suppose -9*c + 7523 = -8380. What is the tens digit of c?
6
Let r = -6 - -8. Let y be r*(0 + (-2)/4). What is the units digit of (112*y)/(-4) + 1?
9
Let u be 12/(-4) - (-7 + 3). Let w(i) = -6*i**3 - 15*i + 7*i**3 + 3*i + 8*i**2 - i + u. What is the tens digit of w(-9)?
3
Let n be 19/(-7) + (-16)/56. Let r = n - -16. Suppose 0 = -8*h + r*h - 100. What is the units digit of h?
0
Let t = 2 - 12. Let l = t - -6. What is the tens digit of 12 + -2 - 0/l?
1
Let q(u) = 3*u + 12. Let n(v) = -2*v - 1. Let p(b) = 2*n(b) + q(b). Let o be -8 - (2 + -3 - 0). What is the tens digit of p(o)?
1
Suppose -80 = -5*m + 40. Let s(y) = 4*y**3 - m - 2*y - 3*y**3 + 11*y**2 + 19. What is the tens digit of s(-11)?
1
Let w(j) = 18*j - 7. Suppose -3*c = -i - 4, -3 = 4*c - 3*i - 0. What is the units digit of w(c)?
7
Let s = -7 - -12. Let u(c) = c**3 + c**2 + 4*c + 2. What is the tens digit of u(s)?
7
What is the units digit of (-2 - 0) + (2 - -996)?
6
Let j = -52 - -34. Let r = -11 - j. Suppose -3*f - r = -5*b - 5*f, 2*b = -f + 3. What is the units digit of b?
1
What is the hundreds digit of 9900/40*(-6)/(-5)?
2
Let d(l) = 7*l**2 + 9*l + 10. Let z(b) = -8*b**2 - 10*b - 10. Let t(m) = 7*d(m) + 6*z(m). What is the units digit of t(5)?
0
Suppose 6*l = 2*l + 8. Suppose d - 3*n = -4 - 6, -l = 5*d - 3*n. Suppose -32 = -6*x + d*x. What is the units digit of x?
8
Let h(x) = 3*x**2 + 9*x + 30. What is the units digit of h(-8)?
0
Suppose 3*d - i - 6231 = 0, 0 = -14*d + 9*d + 4*i + 10392. What is the tens digit of d?
7
Let q(m) = m**2 - 22*m + 3. Let t be q(-9). What is the tens digit of (-2)/(-11) + t/22 - 1?
1
Let h(z) = -9*z - 11. Let t be h(-13). Let c = 37 + t. What is the tens digit of c?
4
Let a = 1433 - 987. What is the hundreds digit of a?
4
Suppose r = -v + 4, 0 = -3*r + 8*r - 3*v - 28. Suppose -3*t + r*l + 23 = 0, -t - 3*l = -8*l - 1. What is the units digit of t?
1
Let x(n) be the second derivative of -n**4/12 - 3*n**3/2 + 5*n**2/2 - 5*n. Let d be x(-9). Suppose -60 = -0*b - d*b. What is the tens digit of b?
1
Suppose -3*v = -35 - 175. What is the tens digit of (-297)/15*v/(-21)?
6
Suppose 5*i = 3*i + 234. Suppose -17*p + 98 = -19*p. Let m = p + i. What is the tens digit of m?
6
Suppose -4*c + 9796 = -9*j, 19*c - 20*c + 2*j = -2450. What is the hundreds digit of c?
4
Let i = 694 - 462. What is the hundreds digit of i?
2
Suppose 0 = -5*h - 3*h + 520. Let b = h - -188. What is the units digit of b?
3
Suppose -267 = -5*z + 2*a, 0*a - a + 4 = 0. Suppose -3 = 2*r - z. What is the tens digit of r?
2
Let w(d) = -5*d**3 - 5*d**2 - 5*d. What is the hundreds digit of w(-5)?
5
Let f = 110 + 364. What is the hundreds digit of f?
4
Let r(h) = h**2 + 2*h + 13. Let o(v) = v + 4. Let d be o(-11). What is the tens digit of r(d)?
4
Suppose h + 4 + 4 = 2*t, -16 = -4*t + 4*h. Suppose -168 + 420 = t*o. What is the tens digit of o?
6
Let w(h) = 15*h**2 - 33*h - 17. Let j(v) = -7*v**2 + 16*v + 8. Let d(a) = 13*j(a) + 6*w(a). Let s be d(8). What is the tens digit of s*(125/10)/5?
4
Let f(h) = 35*h**3 + 8*h**2 - 6*h + 3. What is the tens digit of f(3)?
0
Suppose -2*g - 3*m + 334 = 28, 4*m + 765 = 5*g. What is the units digit of g?
3
Let a = 9 - 12. Let c be (-9)/(-18) - a/2. Suppose -c*w - 2 = -6. What is the units digit of w?
2
Let b = -1824 + 3555. What is the thousands digit of b?
1
Suppose -2067*t = -2060*t - 469. What is the units digit of t?
7
Let g(i) = 2*i**2 + 26*i + 18. Let s(u) = -2*u**2 + 37. Let n be s(-5). What is the units digit of g(n)?
8
Suppose 2*o + 1304 = -0*y + 2*y, 5*o - 3290 = -5*y. What is the units digit of y?
5
Let m(z) = 4*z - 4. Let u be m(9). Let l(j) = j**3 + 8*j**2 + j - 5. Let h be l(-6). Let d = h - u. What is the tens digit of d?
2
Suppose 0 = 3*m - 6*m + 6. Suppose -v - 2 = -m*y, 1 - 5 = -4*y - v. What is the units digit of (-9)/(y*6/(-8))?
2
Let n(k) be the third derivative of -k**6/120 - 7*k**5/30 - 3*k**4/4 - 2*k**3 + 10*k**2. What is the units digit of n(-13)?
3
Let m = 21 +